{"version":"1.0","provider_name":"Almazaras de la Subb\u00e9tica | Tienda Online de AOVE Premiado","provider_url":"https:\/\/almazarasdelasubbetica.com\/en\/","author_name":"javiermerchan","author_url":"https:\/\/almazarasdelasubbetica.com\/en\/author\/javiermerchan\/","title":"NEWS | Almazaras de la Subb\u00e9tica | Tienda Online de AOVE Premiado","type":"rich","width":600,"height":338,"html":"<blockquote class=\"wp-embedded-content\" data-secret=\"AoqBmb83b9\"><a href=\"https:\/\/almazarasdelasubbetica.com\/en\/news\/\">NEWS<\/a><\/blockquote><iframe sandbox=\"allow-scripts\" security=\"restricted\" src=\"https:\/\/almazarasdelasubbetica.com\/en\/news\/embed\/#?secret=AoqBmb83b9\" width=\"600\" height=\"338\" title=\"&#8220;NEWS&#8221; &#8212; Almazaras de la Subb\u00e9tica | Tienda Online de AOVE Premiado\" data-secret=\"AoqBmb83b9\" frameborder=\"0\" marginwidth=\"0\" marginheight=\"0\" scrolling=\"no\" class=\"wp-embedded-content\"><\/iframe><script>\n\/*! This file is auto-generated *\/\n!function(d,l){\"use strict\";l.querySelector&&d.addEventListener&&\"undefined\"!=typeof URL&&(d.wp=d.wp||{},d.wp.receiveEmbedMessage||(d.wp.receiveEmbedMessage=function(e){var t=e.data;if((t||t.secret||t.message||t.value)&&!\/[^a-zA-Z0-9]\/.test(t.secret)){for(var s,r,n,a=l.querySelectorAll('iframe[data-secret=\"'+t.secret+'\"]'),o=l.querySelectorAll('blockquote[data-secret=\"'+t.secret+'\"]'),c=new RegExp(\"^https?:$\",\"i\"),i=0;i<o.length;i++)o[i].style.display=\"none\";for(i=0;i<a.length;i++)s=a[i],e.source===s.contentWindow&&(s.removeAttribute(\"style\"),\"height\"===t.message?(1e3<(r=parseInt(t.value,10))?r=1e3:~~r<200&&(r=200),s.height=r):\"link\"===t.message&&(r=new URL(s.getAttribute(\"src\")),n=new URL(t.value),c.test(n.protocol))&&n.host===r.host&&l.activeElement===s&&(d.top.location.href=t.value))}},d.addEventListener(\"message\",d.wp.receiveEmbedMessage,!1),l.addEventListener(\"DOMContentLoaded\",function(){for(var e,t,s=l.querySelectorAll(\"iframe.wp-embedded-content\"),r=0;r<s.length;r++)(t=(e=s[r]).getAttribute(\"data-secret\"))||(t=Math.random().toString(36).substring(2,12),e.src+=\"#?secret=\"+t,e.setAttribute(\"data-secret\",t)),e.contentWindow.postMessage({message:\"ready\",secret:t},\"*\")},!1)))}(window,document);\n\/\/# sourceURL=https:\/\/almazarasdelasubbetica.com\/wp-includes\/js\/wp-embed.min.js\n<\/script>\n","description":"NEWS 23 Jun 23 de junio de 2025 The winners of the Photography Contest collect their prizes at Almazaras de la Subb\u00e9tica Los ganadores del Concurso de Fotograf\u00eda recogen sus premios en Almazaras de la Subb\u00e9tica. Las im\u00e1genes premiadas del concurso de fotograf\u00eda ya lucen en casa tras una entrega de premios&hellip; Leer m\u00e1s 12 [&hellip;]","thumbnail_url":"https:\/\/almazarasdelasubbetica.com\/wp-content\/uploads\/2025\/06\/Los-ganadores-del-Concurso-de-Fotografia-recogen-sus-premios-en-Almazaras-de-la-Subbetica.png"}

Almazaras de la Subbética | Tienda Online de AOVE Premiado

NEWS | Almazaras de la Subbética | Tienda Online de AOVE Premiado

<blockquote class="wp-embedded-content" data-secret="AoqBmb83b9"><a href="https://almazarasdelasubbetica.com/en/news/">NEWS</a></blockquote><iframe sandbox="allow-scripts" security="restricted" src="https://almazarasdelasubbetica.com/en/news/embed/#?secret=AoqBmb83b9" width="600" height="338" title="&#8220;NEWS&#8221; &#8212; Almazaras de la Subbética | Tienda Online de AOVE Premiado" data-secret="AoqBmb83b9" frameborder="0" marginwidth="0" marginheight="0" scrolling="no" class="wp-embedded-content"></iframe><script>
/*! This file is auto-generated */
!function(d,l){"use strict";l.querySelector&&d.addEventListener&&"undefined"!=typeof URL&&(d.wp=d.wp||{},d.wp.receiveEmbedMessage||(d.wp.receiveEmbedMessage=function(e){var t=e.data;if((t||t.secret||t.message||t.value)&&!/[^a-zA-Z0-9]/.test(t.secret)){for(var s,r,n,a=l.querySelectorAll('iframe[data-secret="'+t.secret+'"]'),o=l.querySelectorAll('blockquote[data-secret="'+t.secret+'"]'),c=new RegExp("^https?:$","i"),i=0;i<o.length;i++)o[i].style.display="none";for(i=0;i<a.length;i++)s=a[i],e.source===s.contentWindow&&(s.removeAttribute("style"),"height"===t.message?(1e3<(r=parseInt(t.value,10))?r=1e3:~~r<200&&(r=200),s.height=r):"link"===t.message&&(r=new URL(s.getAttribute("src")),n=new URL(t.value),c.test(n.protocol))&&n.host===r.host&&l.activeElement===s&&(d.top.location.href=t.value))}},d.addEventListener("message",d.wp.receiveEmbedMessage,!1),l.addEventListener("DOMContentLoaded",function(){for(var e,t,s=l.querySelectorAll("iframe.wp-embedded-content"),r=0;r<s.length;r++)(t=(e=s[r]).getAttribute("data-secret"))||(t=Math.random().toString(36).substring(2,12),e.src+="#?secret="+t,e.setAttribute("data-secret",t)),e.contentWindow.postMessage({message:"ready",secret:t},"*")},!1)))}(window,document);
//# sourceURL=https://almazarasdelasubbetica.com/wp-includes/js/wp-embed.min.js
</script>

NEWS 23 Jun 23 de junio de 2025 The winners of the Photography Contest collect their prizes at Almazaras de la Subbética Los ganadores del Concurso de Fotografía recogen sus premios en Almazaras de la Subbética. Las imágenes premiadas del concurso de fotografía ya lucen en casa tras una entrega de premios&hellip; Leer más 12 [&hellip;]
